{"id":22,"date":"2017-03-29T16:02:11","date_gmt":"2017-03-29T16:02:11","guid":{"rendered":"http:\/\/nomipay.aastiazaran.com\/?page_id=22"},"modified":"2025-06-30T07:14:07","modified_gmt":"2025-06-30T13:14:07","slug":"aviso","status":"publish","type":"page","link":"https:\/\/www.nomipay.com\/3.0\/?page_id=22","title":{"rendered":"Aviso"},"content":{"rendered":"<p>[vc_row content_text_aligment=&#8221;&#8221; use_row_as_full_screen_section=&#8221;no&#8221;][vc_column][vc_column_text]<\/p>\n<h1 class=\"western\" lang=\"es-ES\" align=\"center\"><a name=\"Aviso de Privacidad\"><\/a> Aviso de Privacidad<\/h1>\n<p class=\"western\" lang=\"es-ES\" align=\"justify\"><span style=\"font-size: small;\"><span style=\"font-size: medium;\"><b>Responsable<\/b><\/span><b> <\/b><span style=\"font-size: medium;\"><b>del<\/b><\/span><b> <\/b><span style=\"font-size: medium;\"><b>Tratamiento.<\/b><\/span><\/span><\/p>\n<p class=\"western\" lang=\"es-ES\" align=\"justify\">Grupo Tecnol\u00f3gico Nomi-Pay, S.A. de C.V. (en lo sucesivo <b>&#8220;Nomi-Pay&#8221;) <\/b>con domicilio en Av. Paseo de las Palmas 2060, Col. Lomas de Chapultepec II secci\u00f3n, Alcald\u00eda Miguel Hidalgo, Ciudad de M\u00e9xico, C.P. 11000, es el responsable del tratamiento de sus datos personales, del uso que se le d\u00e9 a los mismos y de su protecci\u00f3n, al respecto, le informamos lo siguiente:<\/p>\n<h1 class=\"western\" lang=\"es-ES\"><a name=\"Finalidades del tratamiento.\"><\/a> Finalidades del tratamiento.<\/h1>\n<ol type=\"a\">\n<li>\n<p lang=\"es-ES\" align=\"justify\"><span style=\"font-size: small;\"><span style=\"font-size: medium;\">Finalidades Principales: Los datos personales que recabamos a trav\u00e9s de la plataforma electr\u00f3nica de Nomi-Pay (la &#8220;Plataforma&#8221;) los utilizaremos para las siguientes finalidades que son necesarios para poder prestarle el servicio, ya sea para uso propio o de otros usuarios de los servicios de la Plataforma:<\/span><\/span><\/p>\n<\/li>\n<\/ol>\n<ol type=\"a\">\n<li style=\"list-style-type: none;\">\n<ul>\n<li>\n<p lang=\"es-ES\" align=\"left\"><span style=\"font-size: small;\"><span style=\"font-size: medium;\">Para<\/span> <span style=\"font-size: medium;\">calcular<\/span> <span style=\"font-size: medium;\">la<\/span> <span style=\"font-size: medium;\">n\u00f3mina,<\/span> <span style=\"font-size: medium;\">cuotas<\/span> <span style=\"font-size: medium;\">obrero-patronales,<\/span> <span style=\"font-size: medium;\">capacidad<\/span> <span style=\"font-size: medium;\">de<\/span> <span style=\"font-size: medium;\">pago<\/span> <span style=\"font-size: medium;\">y\/o<\/span> <span style=\"font-size: medium;\">endeudamiento del Titular.<\/span><\/span><\/p>\n<\/li>\n<li>\n<p lang=\"es-ES\" align=\"left\"><span style=\"font-size: small;\"><span style=\"font-size: medium;\">Gestionar<\/span> <span style=\"font-size: medium;\">la<\/span> <span style=\"font-size: medium;\">contrataci\u00f3n<\/span> <span style=\"font-size: medium;\">con<\/span> <span style=\"font-size: medium;\">terceros<\/span> <span style=\"font-size: medium;\">de<\/span> <span style=\"font-size: medium;\">cr\u00e9ditos<\/span> <span style=\"font-size: medium;\">sobre<\/span> <span style=\"font-size: medium;\">n\u00f3mina<\/span> <span style=\"font-size: medium;\">en<\/span> <span style=\"font-size: medium;\">favor<\/span> <span style=\"font-size: medium;\">del<\/span> <span style=\"font-size: medium;\">Titular y administraci\u00f3n de carteras de cr\u00e9dito.<\/span><\/span><\/p>\n<\/li>\n<li>\n<p lang=\"es-ES\" align=\"left\"><span style=\"font-size: small;\"><span style=\"font-size: medium;\">Gestionar<\/span> <span style=\"font-size: medium;\">la<\/span> <span style=\"font-size: medium;\">retenci\u00f3n<\/span> <span style=\"font-size: medium;\">de<\/span> <span style=\"font-size: medium;\">pagos<\/span> <span style=\"font-size: medium;\">v\u00eda<\/span> <span style=\"font-size: medium;\">n\u00f3mina<\/span> <span style=\"font-size: medium;\">y<\/span> <span style=\"font-size: medium;\">pago<\/span> <span style=\"font-size: medium;\">de<\/span> <span style=\"font-size: medium;\">los<\/span> <span style=\"font-size: medium;\">mismos<\/span> <span style=\"font-size: medium;\">a terceros<\/span> <span style=\"font-size: medium;\">con quienes el Titular tenga celebrado alg\u00fan contrato de cr\u00e9dito.<\/span><\/span><\/p>\n<\/li>\n<li>\n<p lang=\"es-ES\" align=\"left\"><span style=\"font-size: small;\"><span style=\"font-size: medium;\">Solicitar<\/span> <span style=\"font-size: medium;\">informaci\u00f3n<\/span> <span style=\"font-size: medium;\">al<\/span> <span style=\"font-size: medium;\">Bur\u00f3<\/span> <span style=\"font-size: medium;\">de<\/span> <span style=\"font-size: medium;\">Cr\u00e9dito<\/span> <span style=\"font-size: medium;\">sobre<\/span> <span style=\"font-size: medium;\">la<\/span> <span style=\"font-size: medium;\">situaci\u00f3n<\/span> <span style=\"font-size: medium;\">crediticia del<\/span> <span style=\"font-size: medium;\">Titular.<\/span><\/span><\/p>\n<\/li>\n<li>\n<p lang=\"es-ES\" align=\"justify\"><span style=\"font-size: small;\"><span style=\"font-size: medium;\">Informar al Titular que lo solicite, sobre la disponibilidad de productos o servicios acorde con sus necesidades, preferencias o gustos.<\/span><\/span><\/p>\n<\/li>\n<li>\n<p lang=\"es-ES\" align=\"justify\"><span style=\"font-size: small;\"><span style=\"font-size: medium;\">Contactar al Titular para informarle sobre ofertas, promociones, requisitos y disponibilidad de productos y servicios.<\/span><\/span><\/p>\n<\/li>\n<li>\n<p lang=\"es-ES\" align=\"justify\"><span style=\"font-size: small;\"><span style=\"font-size: medium;\">Dar cumplimiento a obligaciones contra\u00eddas con el Titular o con terceros, derivadas de los<\/span> <span style=\"font-size: medium;\">productos<\/span> <span style=\"font-size: medium;\">o<\/span> <span style=\"font-size: medium;\">servicios<\/span> <span style=\"font-size: medium;\">suministrados<\/span> <span style=\"font-size: medium;\">por<\/span> <span style=\"font-size: medium;\">Nomi-Pay<\/span> <span style=\"font-size: medium;\">o<\/span> <span style=\"font-size: medium;\">por<\/span> <span style=\"font-size: medium;\">terceros<\/span> <span style=\"font-size: medium;\">en<\/span> <span style=\"font-size: medium;\">favor del <\/span><span style=\"font-size: medium;\">Titular.<\/span><\/span><\/p>\n<\/li>\n<li>\n<p lang=\"es-ES\" align=\"justify\"><span style=\"font-size: small;\"><span style=\"font-size: medium;\">Informar<\/span> <span style=\"font-size: medium;\">sobre<\/span> <span style=\"font-size: medium;\">cambios<\/span> <span style=\"font-size: medium;\">en<\/span> <span style=\"font-size: medium;\">nuestros<\/span> <span style=\"font-size: medium;\">productos<\/span> <span style=\"font-size: medium;\">o<\/span> <span style=\"font-size: medium;\">servicios.<\/span><\/span><\/p>\n<\/li>\n<li>\n<p lang=\"es-ES\" align=\"justify\"><span style=\"font-size: small;\"><span style=\"font-size: medium;\">Realizar<\/span> <span style=\"font-size: medium;\">estudios<\/span> <span style=\"font-size: medium;\">internos<\/span> <span style=\"font-size: medium;\">sobre<\/span> <span style=\"font-size: medium;\">los<\/span> <span style=\"font-size: medium;\">datos<\/span> <span style=\"font-size: medium;\">demogr\u00e1ficos,<\/span> <span style=\"font-size: medium;\">intereses<\/span> <span style=\"font-size: medium;\">y<\/span> <span style=\"font-size: medium;\">comportamiento de los usuarios, con la finalidad de proporcionarles productos, servicios, contenidos y publicidad acordes a sus necesidades.<\/span><\/span><\/p>\n<\/li>\n<li>\n<p lang=\"es-ES\" align=\"justify\"><span style=\"font-size: small;\"><span style=\"font-size: medium;\">Verificar<\/span> <span style=\"font-size: medium;\">y confirmar<\/span> <span style=\"font-size: medium;\">la<\/span> <span style=\"font-size: medium;\">identidad<\/span> <span style=\"font-size: medium;\">o cualquier<\/span> <span style=\"font-size: medium;\">dato del <\/span><span style=\"font-size: medium;\">Titular.<\/span><\/span><\/p>\n<\/li>\n<li>\n<p lang=\"es-ES\" align=\"justify\"><span style=\"font-size: small;\"><span style=\"font-size: medium;\">Realizar y dar seguimiento a consultas, investigaciones y\/o revisiones de las actividades, operaciones, quejas y\/o reclamaciones del Titular relacionados con los productos o servicios proporcionados por Nomi-Pay o por terceros.<\/span><\/span><\/p>\n<\/li>\n<li>\n<p lang=\"es-ES\" align=\"justify\"><span style=\"font-size: small;\"><span style=\"font-size: medium;\">Dar<\/span> <span style=\"font-size: medium;\">cumplimiento<\/span> <span style=\"font-size: medium;\">a cualquier<\/span> <span style=\"font-size: medium;\">disposici\u00f3n<\/span> <span style=\"font-size: medium;\">legal <\/span><span style=\"font-size: medium;\">aplicable.<\/span><\/span><\/p>\n<\/li>\n<\/ul>\n<\/li>\n<\/ol>\n<ol start=\"2\" type=\"a\">\n<li>\n<p lang=\"es-ES\" align=\"justify\"><span style=\"font-size: small;\"><span style=\"font-size: medium;\">Finalidades secundarias: Adicionalmente, Nomi-Pay podr\u00e1 utilizar sus datos personales para ofrecerle, en su caso, otros productos o servicios propios o de cualquiera de sus afiliadas, subsidiarias, sociedades controladoras, asociadas, y\/o comisionistas, finalidades secundarias que no son necesarias para usar la Plataforma de Nomi-Pay pero que nos permiten brindarle un mejor servicio.<\/span><\/span><\/p>\n<\/li>\n<\/ol>\n<p class=\"western\" lang=\"es-ES\" align=\"justify\">La negativa para el uso de sus datos personales para las finalidades secundarias mencionadas en el p\u00e1rrafo inmediato anterior no podr\u00e1 ser motivo para que le neguemos los servicios de la Plataforma.<\/p>\n<p class=\"western\" lang=\"es-ES\" align=\"justify\">En caso en que no desee que sus datos personales sean tratados para las finalidades secundarias notificarlo al siguiente correo electr\u00f3nico: ayuda<a href=\"mailto:contacto@nomipay.mx\">@nomipay<\/a>.com<\/p>\n<h1 class=\"western\" lang=\"es-ES\"><a name=\"Datos Personales que ser\u00e1n recabados y t\"><\/a> Datos Personales que ser\u00e1n recabados y tratados.<\/h1>\n<p class=\"western\" lang=\"es-ES\" align=\"justify\">Para llevar a cabo las finalidades descritas en el presente Aviso de Privacidad utilizaremos los siguientes datos personales: i) datos de identificaci\u00f3n, ii) datos de contacto, iii) datos laborales y iv) datos financieros y patrimoniales.<\/p>\n<h1 class=\"western\" lang=\"es-ES\"><a name=\"Datos Personales sensibles.\"><\/a> Datos Personales sensibles.<\/h1>\n<p class=\"western\" lang=\"es-ES\" align=\"justify\">Nomi-Pay no requiere dar tratamiento alguno a datos personales sensibles, por lo que no recabar\u00e1 datos de dicha naturaleza. Sin perjuicio de lo anterior, en el supuesto de que Nomi- Pay requiriera recabar datos personales sensibles, solicitar\u00e1 su consentimiento expreso y por escrito para su tratamiento.<\/p>\n<h1 class=\"western\" lang=\"es-ES\"><a name=\"Transferencia de datos personales a terc\"><\/a> Transferencia de datos personales a terceros.<\/h1>\n<p class=\"western\" lang=\"es-ES\" align=\"justify\">Le informamos que sus datos personales son compartidos dentro y fuera del pa\u00eds con instituciones bancarias, sociedades financieras, diversas empresas que otorgan cr\u00e9ditos y aseguradoras con la finalidad de que se lleve a cabo la administraci\u00f3n y gesti\u00f3n de sus cr\u00e9ditos de n\u00f3mina por medio de la Plataforma.<\/p>\n<p class=\"western\" lang=\"es-ES\" align=\"justify\">Le informamos que para la transferencia de sus datos de conformidad con lo expuesto en el p\u00e1rrafo anterior es necesario su consentimiento expreso, mismo que se considera otorgado para estos efectos con su aceptaci\u00f3n de nuestra carta de &#8220;Consentimiento&#8221;.<\/p>\n<p class=\"western\" lang=\"es-ES\" align=\"justify\">Nomi-Pay podr\u00e1 transferir sus datos personales a terceros mexicanos o extranjeros cuando la transferencia: (i) est\u00e9 prevista en una ley o Tratado en los que M\u00e9xico sea parte; (ii) sea necesaria para la prevenci\u00f3n o el diagn\u00f3stico m\u00e9dico, la prestaci\u00f3n de asistencia sanitaria, tratamiento m\u00e9dico o la gesti\u00f3n de servicios sanitarios; (iii) sea efectuada a sociedades controladoras, subsidiarias o afiliadas bajo el control com\u00fan de Nomi-Pay, a una sociedad matriz o a sus asociadas; (iv) sea necesaria por virtud de un contrato celebrado o por celebrar en inter\u00e9s del Titular, por Nomi-Pay y un tercero o por el Titular y un tercero; (v) sea necesaria o legalmente exigida para la salvaguarda de un inter\u00e9s p\u00fablico, o para la procuraci\u00f3n o administraci\u00f3n de justicia; (vi) sea precisa para el reconocimiento, ejercicio o defensa de un derecho en un proceso judicial; y, (vii) sea precisa para el mantenimiento o cumplimiento de una relaci\u00f3n jur\u00eddica entre el Titular y Nomi-Pay.<\/p>\n<p class=\"western\" lang=\"es-ES\" align=\"justify\">En cualquier otro caso, Nomi-Pay requerir\u00e1 su autorizaci\u00f3n para realizar la transferencia de datos que resulte necesaria para la prestaci\u00f3n de los servicios solicitados.<\/p>\n<h1 class=\"western\" lang=\"es-ES\"><a name=\"Derechos de Acceso, Rectificaci\u00f3n, Cance\"><\/a> Derechos de Acceso, Rectificaci\u00f3n, Cancelaci\u00f3n y Oposici\u00f3n.<\/h1>\n<p class=\"western\" lang=\"es-ES\" align=\"justify\">Usted tiene derecho a conocer qu\u00e9 datos personales tenemos de usted, para qu\u00e9 los utilizamos y las condiciones del uso que les damos (Acceso). Asimismo, es su derecho solicitar la correcci\u00f3n de su informaci\u00f3n personal en caso en que este desactualizada, sea inexacta o incompleta (Rectificaci\u00f3n); que la eliminemos de nuestro registros o bases de datos cuando considere que la misma no est\u00e1 siendo utilizada conforme a los principios, deberes y obligaciones previstas en la normativa (Cancelaci\u00f3n); as\u00ed como oponerse al uso de sus datos personales para fines espec\u00edficos (Oposici\u00f3n). Estos derechos se conocen como derechos ARCO.<\/p>\n<p class=\"western\" lang=\"es-ES\" align=\"justify\">Para el ejercicio de los derechos ARCO usted deber\u00e1 presentar la solicitud respectiva v\u00eda correo electr\u00f3nico a ayuda<a href=\"mailto:contacto@nomipay.mx\">@nomipay.<\/a>com Dicha solicitud deber\u00e1 contener: (i) su nombre completo y domicilio para comunicarle la respuesta; (ii) copia del documento que acredite la identidad o, en su caso, la representaci\u00f3n legal (iii) la descripci\u00f3n de los datos personales de los que se busca ejercer alg\u00fan Derecho ARCO; (iv) cualquier otro elemento que facilite la localizaci\u00f3n de los datos personales; (v) el Derecho ARCO que pretende ejercer; y (vi) un breve relato de los motivos por lo que pretende ejercer el Derecho ARCO.<\/p>\n<p class=\"western\" lang=\"es-ES\" align=\"justify\">Nomi-Pay le comunicar\u00e1 dentro de un plazo de 20 (veinte) d\u00edas h\u00e1biles siguientes a la presentaci\u00f3n de su solicitud, la respuesta a la misma. La cancelaci\u00f3n de sus datos estar\u00e1 sujeta a lo previsto en el art\u00edculo 26 de la Ley.<\/p>\n<h1 class=\"western\" lang=\"es-ES\"><a name=\"Revocaci\u00f3n del consentimiento.\"><\/a> Revocaci\u00f3n del consentimiento.<\/h1>\n<p class=\"western\" lang=\"es-ES\" align=\"justify\">Usted puede revocar el consentimiento para el tratamiento de sus datos personales, a efecto de lo cual, usted deber\u00e1 enviar la solicitud respectiva v\u00eda correo electr\u00f3nico a la direcci\u00f3n [ayuda<a href=\"mailto:contacto@nomipay.mx\">@nomipay.<\/a>com], acompa\u00f1ada de la informaci\u00f3n y documentaci\u00f3n mencionada en el rubro &#8220;Derechos de Acceso, Rectificaci\u00f3n, Cancelaci\u00f3n y Oposici\u00f3n&#8221; del presente Aviso de Privacidad. Sin embargo, es importante que tenga en cuenta que para ciertos fines, la revocaci\u00f3n de su consentimiento podr\u00eda implicar que Nomi-Pay no se encuentre en posibilidades de seguir prestando el servicio que solicit\u00f3, o la conclusi\u00f3n de su relaci\u00f3n con Nomi-Pay. Asimismo, deber\u00e1 considerar que no en todos los casos podremos atender su solicitud o detener el uso de forma inmediata, ya que es posible que por alguna obligaci\u00f3n legal requiramos seguir tratando sus datos personales por un plazo adicional.<\/p>\n<h1 class=\"western\" lang=\"es-ES\"><a name=\"Limitaci\u00f3n al Uso y Divulgaci\u00f3n de Datos\"><\/a> Limitaci\u00f3n al Uso y Divulgaci\u00f3n de Datos Personales.<\/h1>\n<p class=\"western\" lang=\"es-ES\" align=\"justify\">Usted podr\u00e1 limitar el uso y divulgaci\u00f3n de sus Datos Personales, incluyendo sin limitar, su negativa a recibir comunicados y promociones por parte de Nomi-Pay mediante: (i) su inscripci\u00f3n en el Registro P\u00fablico para Evitar Publicidad, que est\u00e1 a cargo de la Procuradur\u00eda Federal del Consumidor (PROFECO) y\/o en el Registro P\u00fablico de Usuarios a cargo de la Comisi\u00f3n Nacional para la Protecci\u00f3n y Defensa de los Usuarios de Servicios Financieros (CONDUSEF), con la finalidad de que sus datos personales no sean utilizados para recibir publicidad o promociones de empresas de bienes o servicios. Para mayor informaci\u00f3n sobre este registro, usted puede consultar el portal de Internet de la PROFECO y de la CONDUSEF, o bien ponerse en contacto directo con \u00e9stas; o (ii) mediante solicitud por escrito conformeal procedimiento establecido m\u00e1s adelante bajo el rubro de &#8220;Derechos de Acceso, Rectificaci\u00f3n, Cancelaci\u00f3n y Oposici\u00f3n&#8221;.<\/p>\n<h1 class=\"western\" lang=\"es-ES\"><a name=\"Uso de tecnolog\u00eda de rastreo en la Plata\"><\/a> Uso de tecnolog\u00eda de rastreo en la Plataforma<\/h1>\n<p class=\"western\" lang=\"es-ES\" align=\"justify\">Nomi-Pay podr\u00e1 recabar su direcci\u00f3n de IP (Internet Protocol) para ayudar a diagnosticar problemas relacionados con los servicios prestados, y relacionados con el uso y administraci\u00f3n de la Plataforma. Una direcci\u00f3n de IP es un n\u00famero que se le asigna a su computadora cuando usa Internet. Su direcci\u00f3n de IP tambi\u00e9n es utilizada para ayudar a identificarlo dentro de una sesi\u00f3n particular y para recolectar informaci\u00f3n demogr\u00e1fica y estad\u00edstica general.<\/p>\n<h1 class=\"western\" lang=\"es-ES\"><a name=\"Candados de seguridad.\"><\/a> Candados de seguridad.<\/h1>\n<p class=\"western\" lang=\"es-ES\" align=\"justify\">Con la finalidad de brindar una mayor protecci\u00f3n y confidencialidad a sus datos personales, Nomi-Pay implementar\u00e1 todas las medidas de seguridad posibles tales como el uso de candados de seguridad SSL (Secure Socket Layer). Sin embargo, toda vez que dichas medidas son proporcionadas por un tercero, Nomi-Pay no ser\u00e1 responsable por las vulneraciones a la seguridad de la Plataforma que pudieran ser ocasionadas por terceros.<\/p>\n<h1 class=\"western\" lang=\"es-ES\" align=\"left\"><a name=\"Cookies.\"><\/a>Cookies.<\/h1>\n<p class=\"western\" lang=\"es-ES\" align=\"justify\">Le informamos que nuestra p\u00e1gina de internet utiliza cookies a trav\u00e9s de las cuales se nos permite reconocer a los usuarios, detectar el ancho de banda que han seleccionado, identificar la informaci\u00f3n m\u00e1s destacada, calcular el tama\u00f1o de la audiencia y medir algunos par\u00e1metros de tr\u00e1fico.<\/p>\n<p class=\"western\" lang=\"es-ES\" align=\"justify\">Los datos personales que obtenemos de esta tecnolog\u00eda de rastreo son los siguientes: [ ej. nombre de usuario, contrase\u00f1a horario de navegaci\u00f3n, tiempo de navegaci\u00f3n en la p\u00e1gina de internet, secciones consultadas, y p\u00e1ginas de internet accedidas previo a la nuestra. ] Usted puede desactivar el ahorro de cookies en su navegador, borrarlos o gestionar su uso a trav\u00e9s de la configuraci\u00f3n de su navegador. Asimismo, le informamos que los datos personales que son obtenidos a trav\u00e9s de estas tecnolog\u00edas no son compartidos con terceros.<\/p>\n<h1 class=\"western\" lang=\"es-ES\" align=\"left\"><a name=\"Modificaciones al Aviso de Privacidad.\"><\/a> Modificaciones al Aviso de Privacidad.<\/h1>\n<p class=\"western\" lang=\"es-ES\" align=\"justify\">El presente aviso de privacidad puede sufrir modificaciones, cambios o actualizaciones derivadas de nuevos requerimientos legales; de nuestras propias necesidades por los productos o servicios que ofrecemos; de nuestras pr\u00e1cticas de privacidad; de cambios a nuestro modelo de negocio, o por otras causas.<\/p>\n<p class=\"western\" lang=\"es-ES\" align=\"justify\">Nos comprometemos a mantenerlo informado sobre los cambios que pueda sufrir el presente aviso de privacidad, a trav\u00e9s de la Plataforma o trav\u00e9s del env\u00edo de un correo electr\u00f3nico cuando este nos sea proporcionado.<\/p>\n<p class=\"western\" lang=\"es-ES\" align=\"justify\">Cualquier duda o comentario respecto al presente Aviso de Privacidad, as\u00ed como el ejercicio de cualesquiera otros derechos que por la Ley le corresponden, deber\u00e1n dirigirse al encargado de Avisos de Privacidad al correo electr\u00f3nico ayuda<a href=\"mailto:contacto@nomipay.mx\">@nomipay.com,<\/a> as\u00ed como tambi\u00e9n podr\u00e1 comunicarse al \u00e1rea de atenci\u00f3n a clientes en el tel\u00e9fono (55) 52 62 44 08 para cualquier duda o aclaraci\u00f3n.<\/p>\n<p class=\"western\" lang=\"es-ES\" align=\"justify\">Sin perjuicio de lo anterior, en caso de que usted considere que el tratamiento de sus datos personales constituye alguna violaci\u00f3n a las disposiciones de la Ley, podr\u00e1 acudir a la Secretar\u00eda Anticorrupci\u00f3n y Buen Gobierno quien asumi\u00f3 la mayor\u00eda de las atribuciones de transparencia, incluyendo la gesti\u00f3n de la Plataforma Nacional de Transparencia y atenci\u00f3n de recursos de inconformidad.<\/p>\n<p class=\"western\" lang=\"es-ES\" align=\"justify\">El presente Aviso de Privacidad se encuentra a su disposici\u00f3n en el sitio de Internet<\/p>\n<p class=\"western\" lang=\"es-ES\" align=\"left\"><span style=\"font-size: small;\"><a href=\"http:\/\/www.nomipay.com\/\"><span style=\"color: #0000ff;\"><span style=\"font-family: Palatino Linotype, serif;\"><u>www.nomipay.com<\/u><\/span><\/span><\/a><\/span><\/p>\n<p class=\"western\" lang=\"es-ES\">\u00daltima actualizaci\u00f3n 16 de junio de 2025.<\/p>\n<p>[\/vc_column_text][\/vc_column][\/vc_row]<\/p>\n","protected":false},"excerpt":{"rendered":"<p>[vc_row content_text_aligment=&#8221;&#8221; use_row_as_full_screen_section=&#8221;no&#8221;][vc_column][vc_column_text] Aviso de Privacidad Responsable del Tratamiento. Grupo Tecnol\u00f3gico Nomi-Pay, S.A. de C.V. (en lo sucesivo &#8220;Nomi-Pay&#8221;) con domicilio en Av. Paseo de las Palmas 2060, Col. Lomas de Chapultepec II secci\u00f3n, Alcald\u00eda Miguel Hidalgo, Ciudad de M\u00e9xico, C.P. 11000, es el responsable [&hellip;]<\/p>\n","protected":false},"author":1,"featured_media":0,"parent":0,"menu_order":0,"comment_status":"closed","ping_status":"closed","template":"","meta":{"footnotes":""},"class_list":["post-22","page","type-page","status-publish","hentry"],"_links":{"self":[{"href":"https:\/\/www.nomipay.com\/3.0\/index.php?rest_route=\/wp\/v2\/pages\/22","targetHints":{"allow":["GET"]}}],"collection":[{"href":"https:\/\/www.nomipay.com\/3.0\/index.php?rest_route=\/wp\/v2\/pages"}],"about":[{"href":"https:\/\/www.nomipay.com\/3.0\/index.php?rest_route=\/wp\/v2\/types\/page"}],"author":[{"embeddable":true,"href":"https:\/\/www.nomipay.com\/3.0\/index.php?rest_route=\/wp\/v2\/users\/1"}],"replies":[{"embeddable":true,"href":"https:\/\/www.nomipay.com\/3.0\/index.php?rest_route=%2Fwp%2Fv2%2Fcomments&post=22"}],"version-history":[{"count":14,"href":"https:\/\/www.nomipay.com\/3.0\/index.php?rest_route=\/wp\/v2\/pages\/22\/revisions"}],"predecessor-version":[{"id":501,"href":"https:\/\/www.nomipay.com\/3.0\/index.php?rest_route=\/wp\/v2\/pages\/22\/revisions\/501"}],"wp:attachment":[{"href":"https:\/\/www.nomipay.com\/3.0\/index.php?rest_route=%2Fwp%2Fv2%2Fmedia&parent=22"}],"curies":[{"name":"wp","href":"https:\/\/api.w.org\/{rel}","templated":true}]}}